 factor of 260 and 20?
20
What is the highest common divisor of 442 and 2040?
34
What is the greatest common factor of 70 and 385?
35
What is the highest common divisor of 118 and 74458?
118
What is the highest common divisor of 104 and 2236?
52
What is the greatest common divisor of 270 and 54?
54
Calculate the greatest common factor of 16 and 208.
16
What is the greatest common factor of 62 and 496?
62
What is the highest common divisor of 381 and 1651?
127
Calculate the highest common divisor of 11803 and 66.
11
Calculate the highest common factor of 50 and 425.
25
What is the highest common factor of 49 and 1225?
49
Calculate the greatest common factor of 432 and 16.
16
What is the highest common factor of 43 and 6751?
43
Calculate the highest common divisor of 238 and 34.
34
What is the greatest common factor of 204 and 340?
68
Calculate the highest common factor of 154 and 42.
14
What is the greatest common divisor of 595 and 14?
7
What is the greatest common factor of 21 and 77?
7
Calculate the highest common factor of 2414 and 136.
34
What is the highest common factor of 70 and 670?
10
Calculate the greatest common factor of 11 and 176.
11
Calculate the greatest common factor of 1196 and 156.
52
Calculate the highest common divisor of 48 and 944.
16
What is the highest common divisor of 976 and 16?
16
Calculate the greatest common divisor of 266 and 38.
38
Calculate the highest common factor of 46 and 1265.
23
Calculate the highest common divisor of 408 and 240.
24
Calculate the highest common factor of 5 and 50340.
5
What is the highest common divisor of 1170 and 3870?
90
Calculate the greatest common factor of 763 and 218.
109
What is the greatest common divisor of 820 and 140?
20
Calculate the highest common factor of 3382 and 57.
19
Calculate the highest common factor of 18 and 2934.
18
What is the greatest common factor of 15 and 3765?
15
Calculate the greatest common factor of 3807 and 47.
47
Calculate the highest common divisor of 2929 and 101.
101
What is the highest common factor of 9 and 441?
9
Calculate the highest common factor of 151 and 3775.
151
What is the highest common divisor of 108 and 162?
54
What is the highest common divisor of 115 and 184?
23
What is the highest common factor of 140 and 5940?
20
Calculate the highest common factor of 357 and 9520.
119
What is the highest common factor of 205 and 82?
41
Calculate the highest common factor of 7049 and 133.
133
What is the greatest common divisor of 21 and 609?
21
What is the highest common factor of 40 and 760?
40
What is the highest common factor of 288 and 4584?
24
What is the greatest common divisor of 2632 and 1598?
94
What is the highest common divisor of 49 and 147?
49
What is the greatest common divisor of 1924 and 4440?
148
Calculate the highest common divisor of 483 and 105.
21
What is the highest common divisor of 31 and 837?
31
Calculate the highest common divisor of 15 and 20.
5
Calculate the greatest common divisor of 6804 and 42.
42
Calculate the greatest common factor of 14 and 42.
14
What is the highest common factor of 247 and 931?
19
Calculate the greatest common factor of 291 and 4268.
97
What is the greatest common factor of 320 and 1760?
160
Calculate the highest common divisor of 105 and 189.
21
What is the highest common divisor of 25858 and 14?
14
What is the highest common divisor of 360 and 40?
40
Calculate the highest common factor of 1083 and 38.
19
What is the highest common factor of 1626 and 78?
6
Calculate the highest common factor of 495 and 275.
55
What is the greatest common divisor of 4 and 569?
1
Calculate the greatest common factor of 11842 and 186.
62
What is the highest common divisor of 64 and 144?
16
Calculate the greatest common factor of 11 and 858.
11
What is the highest common divisor of 15095 and 5?
5
Calculate the greatest common factor of 12 and 183.
3
What is the highest common factor of 3308 and 4?
4
What is the greatest common factor of 1290 and 570?
30
What is the greatest common factor of 35 and 420?
35
Calculate the greatest common factor of 18 and 8838.
18
Calculate the greatest common factor of 56 and 833.
7
What is the greatest common factor of 20 and 20?
20
What is the greatest common factor of 3596 and 248?
124
What is the greatest common divisor of 168 and 126?
42
Calculate the greatest common divisor of 7014 and 21.
21
Calculate the greatest common factor of 88 and 3256.
88
Calculate the greatest common factor of 50 and 46.
2
What is the highest common factor of 3456 and 2176?
128
What is the greatest common divisor of 1225 and 7105?
245
What is the greatest common divisor of 13 and 91?
13
Calculate the highest common factor of 192 and 72.
24
Calculate the highest common divisor of 180 and 60.
60
What is the greatest common factor of 222 and 6?
6
What is the greatest common divisor of 15487 and 17?
17
Calculate the highest common factor of 161 and 7.
7
What is the highest common factor of 6 and 18?
6
Calculate the highest common divisor of 4 and 4.
4
Calculate the highest common divisor of 414 and 594.
18
What is the highest common factor of 26 and 143?
13
Calculate the greatest common divisor of 76 and 45676.
76
Calculate the greatest common factor of 330 and 44.
22
Calculate the greatest common divisor of 464 and 8.
8
What is the greatest common divisor of 28 and 1356?
4
What is the greatest common factor of 16 and 688?
16
Calculate the greatest common factor of 64 and 416.
32
Calculate the greatest common divisor of 198 and 18.
18
Calculate the greatest common divisor of 2211 and 220.
11
Calculate the greatest common factor of 48 and 588.
12
What is the greatest common factor of 140 and 95?
5
Calculate the highest common divisor of 9 and 15.
3
What is the highest common divisor of 18 and 342?
18
Calculate the greatest common factor of 17242 and 222.
74
Calculate the greatest common divisor of 136 and 52088.
136
Calculate the greatest common divisor of 403 and 3131.
31
What is the greatest common factor of 50 and 9350?
50
What is the highest common factor of 104 and 351?
13
What is the greatest common divisor of 1065 and 75?
15
Calculate the highest common factor of 77 and 1001.
77
Calculate the highest common divisor of 7191 and 153.
153
Calculate the highest common divisor of 195 and 30.
15
Calculate the greatest common factor of 30 and 26.
2
What is the highest common divisor of 260 and 8736?
52
Calculate the greatest common factor of 1258 and 4514.
74
Calculate the highest common factor of 188 and 141.
47
Calculate the greatest common divisor of 9630 and 20.
10
Calculate the highest common divisor of 8724 and 42.
6
Calculate the highest common factor of 231 and 66.
33
What is the highest common factor of 416 and 14040?
104
What is the highest common divisor of 456 and 24?
24
Calculate the highest common factor of 16 and 928.
16
Calculate the highest common factor of 225 and 390.
15
Calculate the highest common divisor of 81 and 11.
1
What is the highest common divisor of 59 and 40297?
59
Calculate the greatest common factor of 12 and 108.
12
What is the highest common divisor of 44 and 1892?
44
Calculate the highest common factor of 53 and 6943.
53
Calculate the greatest common divisor of 9 and 504.
9
What is the greatest common factor of 729 and 3?
3
Calculate the greatest common factor of 17 and 7157.
17
Calculate the greatest common factor of 343 and 7.
7
What is the highest common factor of 1062 and 42?
6
What is the greatest common divisor of 539 and 11?
11
What is the greatest common divisor of 1194 and 6?
6
Calculate the greatest common factor of 3072 and 24.
24
Calculate the greatest common factor of 594 and 81.
27
Calculate the highest common factor of 85 and 40.
5
Calculate the highest common factor of 64 and 11136.
64
Calculate the greatest common factor of 1626 and 18.
6
Calculate the highest common factor of 5071 and 11.
11
What is the highest common divisor of 590 and 30?
10
Calculate the greatest common divisor of 314 and 2355.
157
What is the highest common divisor of 25 and 4?
1
What is the highest common divisor of 36 and 2244?
12
What is the greatest common factor of 4 and 7?
1
Calculate the greatest common divisor of 312 and 195.
39
Calculate the greatest common factor of 